 are the prime factors of 1690?
2, 5, 13
What are the prime factors of 28877?
67, 431
List the prime factors of 696.
2, 3, 29
What are the prime factors of 6932?
2, 1733
List the prime factors of 704.
2, 11
What are the prime factors of 1382?
2, 691
List the prime factors of 29112.
2, 3, 1213
List the prime factors of 127366.
2, 43, 1481
What are the prime factors of 1957?
19, 103
List the prime factors of 7965.
3, 5, 59
What are the prime factors of 9353?
47, 199
List the prime factors of 26170.
2, 5, 2617
List the prime factors of 3817.
11, 347
List the prime factors of 210494.
2, 17, 41, 151
What are the prime factors of 22281?
3, 7, 1061
List the prime factors of 1578.
2, 3, 263
List the prime factors of 116522.
2, 7, 29, 41
What are the prime factors of 894?
2, 3, 149
What are the prime factors of 7138?
2, 43, 83
What are the prime factors of 8071?
7, 1153
List the prime factors of 996.
2, 3, 83
List the prime factors of 63721.
7, 9103
List the prime factors of 9397.
9397
List the prime factors of 38037.
3, 31, 409
What are the prime factors of 20702?
2, 11, 941
What are the prime factors of 7692?
2, 3, 641
What are the prime factors of 2230?
2, 5, 223
What are the prime factors of 1081?
23, 47
What are the prime factors of 15000?
2, 3, 5
List the prime factors of 39517.
43, 919
List the prime factors of 1189.
29, 41
List the prime factors of 14270.
2, 5, 1427
What are the prime factors of 25084?
2, 6271
What are the prime factors of 26075?
5, 7, 149
List the prime factors of 104918.
2, 11, 19, 251
What are the prime factors of 74588?
2, 29, 643
What are the prime factors of 1786?
2, 19, 47
What are the prime factors of 567?
3, 7
List the prime factors of 4912.
2, 307
List the prime factors of 51722.
2, 11, 2351
List the prime factors of 1836.
2, 3, 17
What are the prime factors of 533?
13, 41
List the prime factors of 1559.
1559
What are the prime factors of 2200?
2, 5, 11
What are the prime factors of 452?
2, 113
List the prime factors of 694.
2, 347
What are the prime factors of 717?
3, 239
List the prime factors of 3310.
2, 5, 331
What are the prime factors of 3588?
2, 3, 13, 23
What are the prime factors of 16782?
2, 3, 2797
List the prime factors of 1008.
2, 3, 7
List the prime factors of 119.
7, 17
What are the prime factors of 128?
2
List the prime factors of 1411.
17, 83
What are the prime factors of 6438?
2, 3, 29, 37
List the prime factors of 1037.
17, 61
What are the prime factors of 1364?
2, 11, 31
What are the prime factors of 1235?
5, 13, 19
What are the prime factors of 2629?
11, 239
What are the prime factors of 2001?
3, 23, 29
List the prime factors of 4068.
2, 3, 113
List the prime factors of 4456.
2, 557
What are the prime factors of 464?
2, 29
What are the prime factors of 49?
7
List the prime factors of 64393.
7, 9199
List the prime factors of 8996.
2, 13, 173
What are the prime factors of 16070?
2, 5, 1607
List the prime factors of 7402.
2, 3701
What are the prime factors of 5881?
5881
List the prime factors of 166.
2, 83
List the prime factors of 189610.
2, 5, 67, 283
List the prime factors of 744.
2, 3, 31
List the prime factors of 4941.
3, 61
What are the prime factors of 24445?
5, 4889
List the prime factors of 1314.
2, 3, 73
List the prime factors of 320.
2, 5
List the prime factors of 104412.
2, 3, 7, 11, 113
What are the prime factors of 1914?
2, 3, 11, 29
List the prime factors of 5133.
3, 29, 59
List the prime factors of 45670.
2, 5, 4567
List the prime factors of 8739.
3, 971
What are the prime factors of 539?
7, 11
List the prime factors of 834.
2, 3, 139
List the prime factors of 16874.
2, 11, 13, 59
List the prime factors of 33389.
173, 193
What are the prime factors of 1566?
2, 3, 29
List the prime factors of 19758.
2, 3, 37, 89
List the prime factors of 59769.
3, 29, 229
What are the prime factors of 2261?
7, 17, 19
What are the prime factors of 36?
2, 3
List the prime factors of 2345.
5, 7, 67
What are the prime factors of 576?
2, 3
What are the prime factors of 3929?
3929
What are the prime factors of 11925?
3, 5, 53
List the prime factors of 1551.
3, 11, 47
What are the prime factors of 752?
2, 47
What are the prime factors of 43617?
3, 7, 31, 67
What are the prime factors of 1048?
2, 131
What are the prime factors of 870?
2, 3, 5, 29
What are the prime factors of 15088?
2, 23, 41
List the prime factors of 20273.
11, 19, 97
What are the prime factors of 73360?
2, 5, 7, 131
What are the prime factors of 23820?
2, 3, 5, 397
What are the prime factors of 25453?
25453
What are the prime factors of 6109?
41, 149
List the prime factors of 75133.
75133
What are the prime factors of 290?
2, 5, 29
List the prime factors of 82992.
2, 3, 7, 13, 19
What are the prime factors of 13397?
13397
List the prime factors of 45347.
137, 331
What are the prime factors of 86702?
2, 7, 11, 563
What are the prime factors of 20007?
3, 13, 19
List the prime factors of 64881.
3, 89
What are the prime factors of 90755?
5, 7, 2593
List the prime factors of 80847.
3, 13, 691
What are the prime factors of 1082?
2, 541
What are the prime factors of 12585?
3, 5, 839
What are the prime factors of 2770?
2, 5, 277
List the prime factors of 8145.
3, 5, 181
What are the prime factors of 3838?
2, 19, 101
What are the prime factors of 210?
2, 3, 5, 7
What are the prime factors of 161260?
2, 5, 11, 733
What are the prime factors of 10508?
2, 37, 71
What are the prime factors of 2871?
3, 11, 29
What are the prime factors of 738?
2, 3, 41
What are the prime factors of 2225?
5, 89
List the prime factors of 795.
3, 5, 53
List the prime factors of 152.
2, 19
What are the prime factors of 270?
2, 3, 5
List the prime factors of 11866.
2, 17, 349
List the prime factors of 11279.
11279
What are the prime factors of 1121?
19, 59
What are the prime factors of 16511?
11, 19, 79
What are the prime factors of 503?
503
What are the prime factors of 92236?
2, 23059
List the prime factors of 25752.
2, 3, 29, 37
What are the prime factors of 2010?
2, 3, 5, 67
List the prime factors of 689.
13, 53
List the prime factors of 11055.
3, 5, 11, 67
List the prime factors of 117870.
2, 3, 5, 3929
What are the prime factors of 1508?
2, 13, 29
What are the prime factors of 10440?
2, 3, 5, 29
List the prime factors of 1695.
3, 5, 113
What are the prime factors of 32088?
2, 3, 7, 191
List the prime factors of 302.
2, 151
List the prime factors of 2715.
3, 5, 181
What are the prime factors of 32757?
3, 61, 179
What are the prime factors of 401?
401
What are the prime factors of 169?
13
What are the prime factors of 11621?
11621
List the prime factors of 212.
2, 53
What are the prime factors of 7574?
2, 7, 541
List the prime factors of 17006.
2, 11, 773
What are the prime factors of 525?
3, 5, 7
List the prime factors of 12463.
11, 103
List the prime factors of 37307.
37307
What are the prime factors of 4451?
4451
List the prime factors of 7728.
2, 3, 7, 23
What are the prime factors of 343?
7
What are the prime factors of 5213?
13, 401
List the prime factors of 191.
191
What are the prime factors of 1702?
2, 23, 37
List the prime factors of 92954.
2, 46477
List the prime factors of 4545.
3, 5, 101
What are the prime factors of 51601?
11, 4691
List the prime factors of 26084.
2, 6521
What are the prime factors of 5490?
2, 3, 5, 61
What are the prime factors of 14910?
2, 3, 5, 7, 71
What are the prime factors of 1497?
3, 499
What are the prime factors of 1289?
1289
What are the prime factors of 19919?
19919
What are the prime factors of 62845?
5, 12569
List the prime factors of 500.
2, 5
List the prime factors of 75627.
3, 2801
List the prime factors of 22793.
23, 991
What are the prime factors of 1035?
3, 5, 23
List the prime factors of 14733.
3, 1637
What are the prime factors of 15489?
3, 1721
List the prime factors of 4007.
4007
What are the prime factors of 15545?
5, 3109
List the prime factors of 386.
2, 193
List the prime factors of 5154.
2, 3, 859
What are the prime factors of 2984?
2, 373
List the prime factors of 3829.
7, 547
List the prime factors of 976.
2, 61
What are the prime factors of 1083?
3, 19
List the prime factors of 1785.
3, 5, 7, 17
List the prime factors of 30309.
3, 10103
List the prime factors of 1184.
2, 37
What are the prime factors of 69